{"id":938,"date":"2025-04-04T09:43:12","date_gmt":"2025-04-04T09:43:12","guid":{"rendered":"https:\/\/poesia.premiojovellanos.com\/?page_id=938"},"modified":"2026-04-16T10:25:03","modified_gmt":"2026-04-16T10:25:03","slug":"participar","status":"publish","type":"page","link":"https:\/\/poesia.premiojovellanos.com\/?page_id=938","title":{"rendered":"Participar"},"content":{"rendered":"\n<figure class=\"wp-block-image is-resized\"><img decoding=\"async\" src=\"https:\/\/poesia.premiojovellanos.com\/wp-content\/uploads\/2023\/07\/a4-paper-template-4279517-1024x641.jpg\" alt=\"a4, paper, template-4279517.jpg\" style=\"width:587px;height:auto\" title=\"\"\/><\/figure>\n\n\n\n<p>Ediciones Nobel, impulsada por el triunfo de las ediciones pasadas del Premio Internacional de Poes\u00eda Jovellanos, \u2018El mejor Poema del Mundo\u2019, se lanza nuevamente a la apasionante aventura de descubrir el poema m\u00e1s excepcional creado en cualquier idioma. Con este esfuerzo, seguimos honrando la figura del gran ilustrado espa\u00f1ol, un hombre cuya existencia, escritos y reflexiones dejaron una huella imborrable en la humanidad, incluyendo entre sus valiosas creaciones el arte de la poes\u00eda, que resuena a\u00f1o tras a\u00f1o en autores de todo el globo.<br><\/p>\n\n\n\n<div class=\"wp-block-uagb-call-to-action uagb-block-85655abf wp-block-button\"><div class=\"uagb-cta__wrap\"><p class=\"uagb-cta__desc\">Haga clic aqu\u00ed para participar en el premio<\/p><\/div><div class=\"uagb-cta__buttons\"><a href=\"https:\/\/docs.google.com\/forms\/d\/e\/1FAIpQLSfOj-B9S-G8HPxXTwYG7064v7o6O9XQdJ04zBaaNkph260Buw\/viewform?usp=dialog\" class=\"uagb-cta__button-link-wrapper wp-block-button__link\" target=\"_blank\" rel=\"noopener noreferrer\">Participar<\/a><\/div><\/div>\n","protected":false},"excerpt":{"rendered":"<p>Ediciones Nobel, impulsada por el triunfo de las ediciones pasadas del Premio Internacional de Poes\u00eda Jovellanos, \u2018El mejor Poema del Mundo\u2019, se lanza nuevamente a la apasionante aventura de descubrir el poema m\u00e1s excepcional creado en cualquier idioma. Con este esfuerzo, seguimos honrando la figura del gran ilustrado espa\u00f1ol, un hombre cuya existencia, escritos y &hellip;<\/p>\n<p class=\"read-more\"> <a class=\"\" href=\"https:\/\/poesia.premiojovellanos.com\/?page_id=938\"> <span class=\"screen-reader-text\">Participar<\/span> Leer m\u00e1s &raquo;<\/a><\/p>\n","protected":false},"author":1,"featured_media":0,"parent":0,"menu_order":0,"comment_status":"closed","ping_status":"closed","template":"","meta":{"_uag_custom_page_level_css":"","site-sidebar-layout":"default","site-content-layout":"default","ast-global-header-display":"","ast-banner-title-visibility":"","ast-main-header-display":"","ast-hfb-above-header-display":"","ast-hfb-below-header-display":"","ast-hfb-mobile-header-display":"","site-post-title":"","ast-breadcrumbs-content":"","ast-featured-img":"","footer-sml-layout":"","theme-transparent-header-meta":"","adv-header-id-meta":"","stick-header-meta":"","header-above-stick-meta":"","header-main-stick-meta":"","header-below-stick-meta":"","footnotes":""},"class_list":["post-938","page","type-page","status-publish","hentry"],"uagb_featured_image_src":{"full":false,"thumbnail":false,"medium":false,"medium_large":false,"large":false,"1536x1536":false,"2048x2048":false},"uagb_author_info":{"display_name":"admin","author_link":"https:\/\/poesia.premiojovellanos.com\/?author=1"},"uagb_comment_info":0,"uagb_excerpt":"Ediciones Nobel, impulsada por el triunfo de las ediciones pasadas del Premio Internacional de Poes\u00eda Jovellanos, \u2018El mejor Poema del Mundo\u2019, se lanza nuevamente a la apasionante aventura de descubrir el poema m\u00e1s excepcional creado en cualquier idioma. Con este esfuerzo, seguimos honrando la figura del gran ilustrado espa\u00f1ol, un hombre cuya existencia, escritos y&hellip;","_links":{"self":[{"href":"https:\/\/poesia.premiojovellanos.com\/index.php?rest_route=\/wp\/v2\/pages\/938","targetHints":{"allow":["GET"]}}],"collection":[{"href":"https:\/\/poesia.premiojovellanos.com\/index.php?rest_route=\/wp\/v2\/pages"}],"about":[{"href":"https:\/\/poesia.premiojovellanos.com\/index.php?rest_route=\/wp\/v2\/types\/page"}],"author":[{"embeddable":true,"href":"https:\/\/poesia.premiojovellanos.com\/index.php?rest_route=\/wp\/v2\/users\/1"}],"replies":[{"embeddable":true,"href":"https:\/\/poesia.premiojovellanos.com\/index.php?rest_route=%2Fwp%2Fv2%2Fcomments&post=938"}],"version-history":[{"count":5,"href":"https:\/\/poesia.premiojovellanos.com\/index.php?rest_route=\/wp\/v2\/pages\/938\/revisions"}],"predecessor-version":[{"id":969,"href":"https:\/\/poesia.premiojovellanos.com\/index.php?rest_route=\/wp\/v2\/pages\/938\/revisions\/969"}],"wp:attachment":[{"href":"https:\/\/poesia.premiojovellanos.com\/index.php?rest_route=%2Fwp%2Fv2%2Fmedia&parent=938"}],"curies":[{"name":"wp","href":"https:\/\/api.w.org\/{rel}","templated":true}]}}