{"id":78,"date":"2022-10-17T07:03:13","date_gmt":"2022-10-17T07:03:13","guid":{"rendered":"https:\/\/poesia.premiojovellanos.com\/?page_id=78"},"modified":"2026-04-16T10:21:16","modified_gmt":"2026-04-16T10:21:16","slug":"home","status":"publish","type":"page","link":"https:\/\/poesia.premiojovellanos.com\/","title":{"rendered":"Inicio"},"content":{"rendered":"\n<div class=\"wp-block-uagb-container uagb-block-f7e9f656 alignfull uagb-is-root-container\"><div class=\"uagb-container-inner-blocks-wrap\">\n<div class=\"wp-block-uagb-container uagb-block-03b7b228\"><\/div>\n\n\n\n<div class=\"wp-block-uagb-container uagb-block-1775ea37\"><\/div>\n\n\n\n<div class=\"wp-block-uagb-container uagb-block-0874c746\"><\/div>\n<\/div><\/div>\n\n\n\n<div class=\"wp-block-uagb-container uagb-block-281298aa alignfull uagb-is-root-container\"><div class=\"uagb-container-inner-blocks-wrap\">\n<div class=\"wp-block-uagb-info-box uagb-block-b69ed905 uagb-infobox__content-wrap  uagb-infobox-icon-above-title uagb-infobox-image-valign-top\"><div class=\"uagb-ifb-content\"><div class=\"uagb-ifb-title-wrap\"><\/div><p class=\"uagb-ifb-desc\">Ediciones&nbsp; Nobel convoca cada a\u00f1o el Premio Internacional de Poes\u00eda Jovellanos, El mejor Poema del Mundo. Un galard\u00f3n abierto a creadores de todos los pa\u00edses que reconoce el mejor poema escrito en cualquier lengua del&nbsp; mundo.&nbsp; Mantenemos as\u00ed vivo&nbsp; en&nbsp; autores&nbsp; de&nbsp; todo&nbsp; el&nbsp; mundo&nbsp; el&nbsp; recuerdo&nbsp; del&nbsp; ilustrado&nbsp; espa\u00f1ol&nbsp; que&nbsp; engrandeci\u00f3&nbsp; con&nbsp; su&nbsp; vida,&nbsp; obra&nbsp; y&nbsp; pensamiento&nbsp; a&nbsp; la&nbsp; humanidad&nbsp; entera,&nbsp; y&nbsp; entre&nbsp; cuya memorable obra escrita tambi\u00e9n tuvo su lugar la poes\u00eda.&nbsp;<\/p><\/div><\/div>\n\n\n\n<div class=\"wp-block-uagb-container uagb-block-03f14d6a\">\n<figure class=\"wp-block-image size-full\"><img loading=\"lazy\" decoding=\"async\" width=\"454\" height=\"210\" src=\"https:\/\/poesia.premiojovellanos.com\/wp-content\/uploads\/2026\/03\/Premio-poesia-jovellanos.png\" alt=\"\" class=\"wp-image-952\" srcset=\"https:\/\/poesia.premiojovellanos.com\/wp-content\/uploads\/2026\/03\/Premio-poesia-jovellanos.png 454w, https:\/\/poesia.premiojovellanos.com\/wp-content\/uploads\/2026\/03\/Premio-poesia-jovellanos-300x139.png 300w\" sizes=\"auto, (max-width: 454px) 100vw, 454px\" \/><\/figure>\n<\/div>\n\n\n\n<div class=\"wp-block-uagb-container uagb-block-97098712\"><\/div>\n<\/div><\/div>\n","protected":false},"excerpt":{"rendered":"","protected":false},"author":1,"featured_media":0,"parent":0,"menu_order":0,"comment_status":"closed","ping_status":"closed","template":"","meta":{"_uag_custom_page_level_css":"","site-sidebar-layout":"default","site-content-layout":"page-builder","ast-global-header-display":"","ast-banner-title-visibility":"","ast-main-header-display":"","ast-hfb-above-header-display":"","ast-hfb-below-header-display":"","ast-hfb-mobile-header-display":"","site-post-title":"disabled","ast-breadcrumbs-content":"","ast-featured-img":"","footer-sml-layout":"","theme-transparent-header-meta":"enabled","adv-header-id-meta":"","stick-header-meta":"","header-above-stick-meta":"","header-main-stick-meta":"","header-below-stick-meta":"","footnotes":""},"class_list":["post-78","page","type-page","status-publish","hentry"],"uagb_featured_image_src":{"full":false,"thumbnail":false,"medium":false,"medium_large":false,"large":false,"1536x1536":false,"2048x2048":false},"uagb_author_info":{"display_name":"admin","author_link":"https:\/\/poesia.premiojovellanos.com\/?author=1"},"uagb_comment_info":0,"uagb_excerpt":null,"_links":{"self":[{"href":"https:\/\/poesia.premiojovellanos.com\/index.php?rest_route=\/wp\/v2\/pages\/78","targetHints":{"allow":["GET"]}}],"collection":[{"href":"https:\/\/poesia.premiojovellanos.com\/index.php?rest_route=\/wp\/v2\/pages"}],"about":[{"href":"https:\/\/poesia.premiojovellanos.com\/index.php?rest_route=\/wp\/v2\/types\/page"}],"author":[{"embeddable":true,"href":"https:\/\/poesia.premiojovellanos.com\/index.php?rest_route=\/wp\/v2\/users\/1"}],"replies":[{"embeddable":true,"href":"https:\/\/poesia.premiojovellanos.com\/index.php?rest_route=%2Fwp%2Fv2%2Fcomments&post=78"}],"version-history":[{"count":7,"href":"https:\/\/poesia.premiojovellanos.com\/index.php?rest_route=\/wp\/v2\/pages\/78\/revisions"}],"predecessor-version":[{"id":967,"href":"https:\/\/poesia.premiojovellanos.com\/index.php?rest_route=\/wp\/v2\/pages\/78\/revisions\/967"}],"wp:attachment":[{"href":"https:\/\/poesia.premiojovellanos.com\/index.php?rest_route=%2Fwp%2Fv2%2Fmedia&parent=78"}],"curies":[{"name":"wp","href":"https:\/\/api.w.org\/{rel}","templated":true}]}}